{"id":31,"date":"2016-02-13T14:17:53","date_gmt":"2016-02-13T13:17:53","guid":{"rendered":"http:\/\/demo.djmimi.net\/themes\/industry\/?page_id=31"},"modified":"2019-06-03T13:33:14","modified_gmt":"2019-06-03T11:33:14","slug":"charger-18650-vape-energyvap","status":"publish","type":"page","link":"https:\/\/energyvap.com\/index.php\/our-target\/charger-18650-vape-energyvap\/","title":{"rendered":"Dual Car Charger &#8211; 18650"},"content":{"rendered":"\t\t<div data-elementor-type=\"wp-post\" data-elementor-id=\"31\" class=\"elementor elementor-31\" data-elementor-settings=\"[]\">\n\t\t\t<div class=\"elementor-inner\">\n\t\t\t\t<div class=\"elementor-section-wrap\">\n\t\t\t\t\t\t\t<section class=\"elementor-element elementor-element-84e3816 elementor-section-boxed elementor-section-height-default elementor-section-height-default elementor-section elementor-top-section\" data-id=\"84e3816\" data-element_type=\"section\">\n\t\t\t\t\t\t<div class=\"elementor-container elementor-column-gap-default\">\n\t\t\t\t<div class=\"elementor-row\">\n\t\t\t\t<div class=\"elementor-element elementor-element-756cf52 elementor-column elementor-col-100 elementor-top-column\" data-id=\"756cf52\" data-element_type=\"column\">\n\t\t\t<div class=\"elementor-column-wrap  elementor-element-populated\">\n\t\t\t\t\t<div class=\"elementor-widget-wrap\">\n\t\t\t\t<div class=\"elementor-element elementor-element-b730d8c elementor-invisible elementor-widget elementor-widget-heading\" data-id=\"b730d8c\" data-element_type=\"widget\" data-settings=\"{&quot;_animation&quot;:&quot;fadeInRight&quot;}\" data-widget_type=\"heading.default\">\n\t\t\t\t<div class=\"elementor-widget-container\">\n\t\t\t<h1 class=\"elementor-heading-title elementor-size-default\">DUAL CAR CHARGER<\/h1>\t\t<\/div>\n\t\t\t\t<\/div>\n\t\t\t\t<div class=\"elementor-element elementor-element-c6678af elementor-widget elementor-widget-image\" data-id=\"c6678af\" data-element_type=\"widget\" data-widget_type=\"image.default\">\n\t\t\t\t<div class=\"elementor-widget-container\">\n\t\t\t\t\t<div class=\"elementor-image\">\n\t\t\t\t\t\t\t\t\t\t<img width=\"1024\" height=\"754\" src=\"https:\/\/i0.wp.com\/energyvap.com\/wp-content\/uploads\/2019\/05\/dual_car_charger-imr18650_global.png?fit=1024%2C754&amp;ssl=1\" class=\"attachment-large size-large\" alt=\"\" decoding=\"async\" loading=\"lazy\" srcset=\"https:\/\/i0.wp.com\/energyvap.com\/wp-content\/uploads\/2019\/05\/dual_car_charger-imr18650_global.png?w=1024&amp;ssl=1 1024w, https:\/\/i0.wp.com\/energyvap.com\/wp-content\/uploads\/2019\/05\/dual_car_charger-imr18650_global.png?resize=300%2C221&amp;ssl=1 300w, https:\/\/i0.wp.com\/energyvap.com\/wp-content\/uploads\/2019\/05\/dual_car_charger-imr18650_global.png?resize=768%2C566&amp;ssl=1 768w, https:\/\/i0.wp.com\/energyvap.com\/wp-content\/uploads\/2019\/05\/dual_car_charger-imr18650_global.png?resize=900%2C663&amp;ssl=1 900w, https:\/\/i0.wp.com\/energyvap.com\/wp-content\/uploads\/2019\/05\/dual_car_charger-imr18650_global.png?resize=409%2C301&amp;ssl=1 409w, https:\/\/i0.wp.com\/energyvap.com\/wp-content\/uploads\/2019\/05\/dual_car_charger-imr18650_global.png?resize=555%2C409&amp;ssl=1 555w, https:\/\/i0.wp.com\/energyvap.com\/wp-content\/uploads\/2019\/05\/dual_car_charger-imr18650_global.png?resize=471%2C347&amp;ssl=1 471w, https:\/\/i0.wp.com\/energyvap.com\/wp-content\/uploads\/2019\/05\/dual_car_charger-imr18650_global.png?resize=653%2C481&amp;ssl=1 653w\" sizes=\"(max-width: 1024px) 100vw, 1024px\" \/>\t\t\t\t\t\t\t\t\t\t\t<\/div>\n\t\t\t\t<\/div>\n\t\t\t\t<\/div>\n\t\t\t\t<div class=\"elementor-element elementor-element-39f4367 elementor-widget elementor-widget-divider\" data-id=\"39f4367\" data-element_type=\"widget\" data-widget_type=\"divider.default\">\n\t\t\t\t<div class=\"elementor-widget-container\">\n\t\t\t\t\t<div class=\"elementor-divider\">\n\t\t\t<span class=\"elementor-divider-separator\">\n\t\t\t\t\t\t<\/span>\n\t\t<\/div>\n\t\t\t\t<\/div>\n\t\t\t\t<\/div>\n\t\t\t\t<div class=\"elementor-element elementor-element-257b7dd elementor-pagination-position-inside elementor-invisible elementor-widget elementor-widget-image-carousel\" data-id=\"257b7dd\" data-element_type=\"widget\" data-settings=\"{&quot;slides_to_show&quot;:&quot;3&quot;,&quot;slides_to_scroll&quot;:&quot;3&quot;,&quot;navigation&quot;:&quot;dots&quot;,&quot;_animation&quot;:&quot;fadeInDown&quot;,&quot;autoplay&quot;:&quot;yes&quot;,&quot;pause_on_hover&quot;:&quot;yes&quot;,&quot;pause_on_interaction&quot;:&quot;yes&quot;,&quot;autoplay_speed&quot;:5000,&quot;infinite&quot;:&quot;yes&quot;,&quot;speed&quot;:500,&quot;direction&quot;:&quot;ltr&quot;}\" data-widget_type=\"image-carousel.default\">\n\t\t\t\t<div class=\"elementor-widget-container\">\n\t\t\t\t\t<div class=\"elementor-image-carousel-wrapper swiper-container\" dir=\"ltr\">\n\t\t\t<div class=\"elementor-image-carousel swiper-wrapper\">\n\t\t\t\t<div class=\"swiper-slide\"><figure class=\"swiper-slide-inner\"><img decoding=\"async\" class=\"swiper-slide-image\" src=\"https:\/\/i1.wp.com\/energyvap.com\/wp-content\/uploads\/2019\/05\/3_dual_car_charger-imr18650_accessory.png?resize=150%2C150&amp;ssl=1\" alt=\"3_dual_car_charger-imr18650_accessory\" \/><\/figure><\/div><div class=\"swiper-slide\"><figure class=\"swiper-slide-inner\"><img decoding=\"async\" class=\"swiper-slide-image\" src=\"https:\/\/i1.wp.com\/energyvap.com\/wp-content\/uploads\/2019\/05\/2_dual_car_charger-imr18650_accessory.png?resize=150%2C150&amp;ssl=1\" alt=\"2_dual_car_charger-imr18650_accessory\" \/><\/figure><\/div><div class=\"swiper-slide\"><figure class=\"swiper-slide-inner\"><img decoding=\"async\" class=\"swiper-slide-image\" src=\"https:\/\/i1.wp.com\/energyvap.com\/wp-content\/uploads\/2019\/05\/1_dual_car_charger-imr18650_accessory.png?resize=150%2C150&amp;ssl=1\" alt=\"1_dual_car_charger-imr18650_accessory\" \/><\/figure><\/div>\t\t\t<\/div>\n\t\t\t\t\t\t\t\t\t\t\t\t<div class=\"swiper-pagination\"><\/div>\n\t\t\t\t\t\t\t\t\t\t\t\t\t<\/div>\n\t\t\t\t<\/div>\n\t\t\t\t<\/div>\n\t\t\t\t<div class=\"elementor-element elementor-element-bd6cd1b elementor-widget elementor-widget-divider\" data-id=\"bd6cd1b\" data-element_type=\"widget\" data-widget_type=\"divider.default\">\n\t\t\t\t<div class=\"elementor-widget-container\">\n\t\t\t\t\t<div class=\"elementor-divider\">\n\t\t\t<span class=\"elementor-divider-separator\">\n\t\t\t\t\t\t<\/span>\n\t\t<\/div>\n\t\t\t\t<\/div>\n\t\t\t\t<\/div>\n\t\t\t\t<div class=\"elementor-element elementor-element-f38bb48 elementor-widget elementor-widget-text-editor\" data-id=\"f38bb48\" data-element_type=\"widget\" data-widget_type=\"text-editor.default\">\n\t\t\t\t<div class=\"elementor-widget-container\">\n\t\t\t\t\t<div class=\"elementor-text-editor elementor-clearfix\"><p>The ENERGYVAP charger is specially designed for a car charger. It comes with a cigarette lighter adapter and an AC adapter. The small hood allows you to close the two batteries and prevent it from coming out of the charger in case of shaking (especially in the car) The 18650 ENERGYVAP battery charger automatically detects the battery status and selects the appropriate voltage and charge mode<\/p><p>\u2022 220V mains socket and cigar lighter adapter.<br \/>\u2022 Designed for optimal heat dissipation.<br \/>\u2022 Reverse polarity protection.<br \/>\u2022 Protective cover.<br \/>\u2022 High quality production guaranteed by the group MP EXTRA, specialist of the lithium battery<\/p><\/div>\n\t\t\t\t<\/div>\n\t\t\t\t<\/div>\n\t\t\t\t<div class=\"elementor-element elementor-element-9042239 elementor-widget elementor-widget-divider\" data-id=\"9042239\" data-element_type=\"widget\" data-widget_type=\"divider.default\">\n\t\t\t\t<div class=\"elementor-widget-container\">\n\t\t\t\t\t<div class=\"elementor-divider\">\n\t\t\t<span class=\"elementor-divider-separator\">\n\t\t\t\t\t\t<\/span>\n\t\t<\/div>\n\t\t\t\t<\/div>\n\t\t\t\t<\/div>\n\t\t\t\t<div class=\"elementor-element elementor-element-8ebbd9c elementor-star-rating--align-center elementor--star-style-star_fontawesome elementor-widget elementor-widget-star-rating\" data-id=\"8ebbd9c\" data-element_type=\"widget\" data-widget_type=\"star-rating.default\">\n\t\t\t\t<div class=\"elementor-widget-container\">\n\t\t\t\n\t\t<div class=\"elementor-star-rating__wrapper\">\n\t\t\t\t\t\t<div class=\"elementor-star-rating\" title=\"5\/5\" itemtype=\"http:\/\/schema.org\/Rating\" itemscope=\"\" itemprop=\"reviewRating\"><i class=\"elementor-star-full\">&#xE934;<\/i><i class=\"elementor-star-full\">&#xE934;<\/i><i class=\"elementor-star-full\">&#xE934;<\/i><i class=\"elementor-star-full\">&#xE934;<\/i><i class=\"elementor-star-full\">&#xE934;<\/i> <span itemprop=\"ratingValue\" class=\"elementor-screen-only\">5\/5<\/span><\/div>\t\t<\/div>\n\t\t\t\t<\/div>\n\t\t\t\t<\/div>\n\t\t\t\t<div class=\"elementor-element elementor-element-59f4c08 elementor-invisible elementor-widget elementor-widget-testimonial\" data-id=\"59f4c08\" data-element_type=\"widget\" data-settings=\"{&quot;_animation&quot;:&quot;bounceIn&quot;}\" data-widget_type=\"testimonial.default\">\n\t\t\t\t<div class=\"elementor-widget-container\">\n\t\t\t\t\t<div class=\"elementor-testimonial-wrapper elementor-testimonial-text-align-center\">\n\t\t\t\t\t\t\t<div class=\"elementor-testimonial-content\">Exellent produit,d\u00e9tecte automatiquement l'\u00e9tat de la batterie et s\u00e9lectionne \nle mode de tension et de charge appropri\u00e9e. Je recommande cet achat!<\/div>\n\t\t\t\n\t\t\t\t\t\t<div class=\"elementor-testimonial-meta elementor-has-image elementor-testimonial-image-position-aside\">\n\t\t\t\t<div class=\"elementor-testimonial-meta-inner\">\n\t\t\t\t\t\t\t\t\t\t\t<div class=\"elementor-testimonial-image\">\n\t\t\t\t\t\t\t<img width=\"324\" height=\"297\" src=\"https:\/\/i0.wp.com\/energyvap.com\/wp-content\/uploads\/2019\/05\/imr18650_battery.png?fit=324%2C297&amp;ssl=1\" class=\"attachment-full size-full\" alt=\"\" decoding=\"async\" loading=\"lazy\" srcset=\"https:\/\/i0.wp.com\/energyvap.com\/wp-content\/uploads\/2019\/05\/imr18650_battery.png?w=324&amp;ssl=1 324w, https:\/\/i0.wp.com\/energyvap.com\/wp-content\/uploads\/2019\/05\/imr18650_battery.png?resize=300%2C275&amp;ssl=1 300w\" sizes=\"(max-width: 324px) 100vw, 324px\" \/>\t\t\t\t\t\t<\/div>\n\t\t\t\t\t\n\t\t\t\t\t\t\t\t\t\t<div class=\"elementor-testimonial-details\">\n\t\t\t\t\t\t\t\t\t\t\t\t\t\t<div class=\"elementor-testimonial-name\">Sebastien<\/div>\n\t\t\t\t\t\t\t\t\t\t\t\t\t\t\t\t\t\t\t\t\t\t<div class=\"elementor-testimonial-job\">Concepteur<\/div>\n\t\t\t\t\t\t\t\t\t\t\t\t\t<\/div>\n\t\t\t\t\t\t\t\t\t<\/div>\n\t\t\t<\/div>\n\t\t\t\t\t<\/div>\n\t\t\t\t<\/div>\n\t\t\t\t<\/div>\n\t\t\t\t\t\t<\/div>\n\t\t\t<\/div>\n\t\t<\/div>\n\t\t\t\t\t\t<\/div>\n\t\t\t<\/div>\n\t\t<\/section>\n\t\t\t\t\t\t<\/div>\n\t\t\t<\/div>\n\t\t<\/div>\n\t\t","protected":false},"excerpt":{"rendered":"<p>DUAL CAR CHARGER The ENERGYVAP charger is specially designed for a car charger. It comes with a cigarette lighter adapter and an AC adapter. The small hood allows you to close the two batteries and prevent it from coming out of the charger in case of shaking (especially in the car) The 18650 ENERGYVAP battery [&hellip;]<\/p>\n","protected":false},"author":1,"featured_media":811,"parent":19,"menu_order":0,"comment_status":"closed","ping_status":"closed","template":"page-tpl_left_sidebar.php","meta":{"spay_email":""},"jetpack_sharing_enabled":true,"jetpack_shortlink":"https:\/\/wp.me\/PaXkoU-v","_links":{"self":[{"href":"https:\/\/energyvap.com\/index.php\/wp-json\/wp\/v2\/pages\/31"}],"collection":[{"href":"https:\/\/energyvap.com\/index.php\/wp-json\/wp\/v2\/pages"}],"about":[{"href":"https:\/\/energyvap.com\/index.php\/wp-json\/wp\/v2\/types\/page"}],"author":[{"embeddable":true,"href":"https:\/\/energyvap.com\/index.php\/wp-json\/wp\/v2\/users\/1"}],"replies":[{"embeddable":true,"href":"https:\/\/energyvap.com\/index.php\/wp-json\/wp\/v2\/comments?post=31"}],"version-history":[{"count":7,"href":"https:\/\/energyvap.com\/index.php\/wp-json\/wp\/v2\/pages\/31\/revisions"}],"predecessor-version":[{"id":1147,"href":"https:\/\/energyvap.com\/index.php\/wp-json\/wp\/v2\/pages\/31\/revisions\/1147"}],"up":[{"embeddable":true,"href":"https:\/\/energyvap.com\/index.php\/wp-json\/wp\/v2\/pages\/19"}],"wp:featuredmedia":[{"embeddable":true,"href":"https:\/\/energyvap.com\/index.php\/wp-json\/wp\/v2\/media\/811"}],"wp:attachment":[{"href":"https:\/\/energyvap.com\/index.php\/wp-json\/wp\/v2\/media?parent=31"}],"curies":[{"name":"wp","href":"https:\/\/api.w.org\/{rel}","templated":true}]}}